ided by m?
1
Let m(v) = 2*v**2 + 5*v + 3. Calculate the remainder when m(-4) is divided by 4.
3
Let y be 11/(3 - (4 + -2)). Suppose 5*u - 76 = -y. What is the remainder when 49 is divided by u?
10
Suppose 0 = -14*j + 124 + 142. What is the remainder when 32 is divided by j?
13
Let q = -42 - -70. What is the remainder when q is divided by 15?
13
Let a(x) = x - 8. Let k be a(0). Let b = k + 10. Calculate the remainder when 7 is divided by b.
1
Let k = 50 + -28. Suppose 2*w + h - k = -h, -2*w + 34 = 5*h. Suppose 15 = -2*d + 53. Calculate the remainder when d is divided by w.
5
Suppose 556 = 12*k - 272. What is the remainder when k is divided by 14?
13
Suppose -25 = -3*t + 152. Let g = 3 - 3. Suppose -99 = -5*k - 0*p - p, 5*k - p - 101 = g. Calculate the remainder when t is divided by k.
19
Suppose 5*h + 10 = -4*x, 4*x + 3*h = -x - 19. What is the remainder when 2 is divided by x/(-4) - (-1)/(-4)?
0
Let k(j) = -19*j - 6. Calculate the remainder when 201 is divided by k(-3).
48
Let o be 21/2 + 1/(-2). Let f = o - -1. Suppose 3*l - 87 = -27. Calculate the remainder when l is divided by f.
9
Calculate the remainder when 47 is divided by ((-5)/(-3))/(8/(4 + 44)).
7
Let p(d) = -2*d**3 - d**2 - 2*d - 4. What is the remainder when p(-2) is divided by 5?
2
Let h(b) = -3*b + 1. Suppose 5*z = 46 + 4. Suppose 9*v = 4*v + z. Calculate the remainder when h(-1) is divided by v.
0
Suppose -2*d = -12 - 4. What is the remainder when 109 is divided by d?
5
Let c = 25 - 17. What is the remainder when 37 is divided by c?
5
Let l(m) be the second derivative of -7*m**4/12 + m**2/2 - 3*m. Let v be l(-1). Let r(u) = -u + 5. Calculate the remainder when r(v) is divided by 4.
3
Suppose -4*u + 8*d - 3*d + 124 = 0, 0 = d. What is the remainder when 154 is divided by u?
30
Let t be ((-27)/6 + 1)*-4. Suppose -16 - t = -2*j. Let i = -66 + 95. Calculate the remainder when i is divided by j.
14
Let n be 1/2 + (-469)/14. Let z = -15 - n. What is the remainder when 52 is divided by z?
16
Let c(v) = v + 42. Calculate the remainder when c(5) is divided by 8.
7
Let h = 79 + -34. What is the remainder when h is divided by 12?
9
Let g = -64 + 110. Let c = 0 - -16. What is the remainder when g is divided by c?
14
Suppose -4*x + 5*x = 20. Calculate the remainder when 38 is divided by x.
18
Suppose 0 = 5*p - h - 64, 3*p + 22 = -5*h + 66. Suppose t - 2*t + 6 = -4*n, 1 = t + n. Calculate the remainder when p is divided by t*2/((-12)/(-21)).
6
Suppose -2*a + 24 = 4. Let v = -2 - -6. Calculate the remainder when (-1)/(-1*1/a) is divided by v.
2
Suppose -2*n + 14 = -4*f, 3*f + 3*n + 3 = -3. Let g(v) = -v + 1. Let i be g(f). Suppose i*j + 34 = 150. Calculate the remainder when j is divided by 15.
14
Let c(l) = -14*l + 1. Calculate the remainder when 28 is divided by c(-1).
13
Suppose -2*z - j + 63 = 0, 2*z - 5*j + 84 = 5*z. Suppose -f = -u + z, -2*u - f - 2*f = -46. What is the remainder when u is divided by (-2)/(-4) + (-38)/(-4)?
9
Suppose 0*g + 12 = 4*g. Let z be -4*((-57)/12 + g). Let t = z - 5. Calculate the remainder when t is divided by 2.
0
Suppose 2*h = -5*t + 12 + 23, 3*t - 21 = -3*h. What is the remainder when 18 is divided by t?
4
Let i = 9 + 14. Suppose -3*n + i = 8. What is the remainder when n is divided by 4?
1
Suppose -x - 3*x = -8. Suppose 4*c = k + 257, 2*k - x - 4 = 0. Suppose a + 68 + c = 3*r, -5 = -a. What is the remainder when r is divided by 16?
14
What is the remainder when 10 is divided by (1/(-5))/(2/(-70))?
3
Let l(c) = -c**3 + 12*c**2 - c + 11. Let b be l(12). Calculate the remainder when (-2 - 19/b)*2 is divided by 12.
10
What is the remainder when 150/8 + 6/(-8) is divided by 5?
3
Suppose -5*q + 3 + 2 = 0, 5*l = -4*q + 54. Let x = l - -11. What is the remainder when x is divided by 8?
5
Let y(b) = -b**3 + b**2 + 2*b + 164. What is the remainder when y(0) is divided by 43?
35
Let a(l) = -l**3 + 6*l**2 - 4*l - 4. Suppose 0 = p + 4*p - 25. Suppose 0 = 3*i + 4 - 10. What is the remainder when i is divided by a(p)?
0
Let w(z) = z**2 + 3*z + 4. Let y be w(-3). Let q be (10/y)/(1/8). Let c = q - 10. What is the remainder when 17 is divided by c?
7
Let t(m) = m**3 + 3*m**2 - 5*m - 3. Let r be t(-4). Calculate the remainder when 32 is divided by 324/30 - r/(-5).
10
Let m(t) = t**3 - 7*t**2 + 7*t - 3. Let c = 36 + -25. Let b = c + -4. Calculate the remainder when b is divided by m(6).
1
Let d be ((-3)/(-6))/((-3)/102). Let c = 19 - d. Calculate the remainder when c is divided by 19.
17
Let h = -19 + 19. Suppose -6*v + 2*v + 24 = h. What is the remainder when 14 is divided by v?
2
Suppose 16 = 8*f - 56. Let y = -7 + 12. Suppose -y*q + 56 = i + 2*i, 5*i = -5*q + 90. What is the remainder when i is divided by f?
8
Suppose -10*m = -6*m - 176. Let i = -28 + m. Let o = 10 - 4. Calculate the remainder when i is divided by o.
4
Let g = 309 + -136. Calculate the remainder when g is divided by 35.
33
Let v(f) = 5*f**2 - 1. Let k be v(1). Suppose -4 - 48 = -k*r. Calculate the remainder when 23 is divided by r.
10
Let s(x) = -11*x - 3. Let w be s(-8). Let o be -3*2*(-1)/2. Suppose 0 = -3*v - 4*t - t + 83, -4*t = o*v - w. What is the remainder when v is divided by 11?
9
What is the remainder when 95 is divided by (-4)/14 - ((-149)/7 - 3)?
23
Suppose -4*p + 2*z + 15 = -z, -p - 3 = -3*z. Let o(x) = x + 3. What is the remainder when o(p) is divided by 3?
0
Suppose m = g, -6*g - 4*m + 18 = -4*g. Suppose -15 = -15*x + 150. What is the remainder when x is divided by g?
2
Let u = 191 - 161. What is the remainder when 79 is divided by u?
19
Suppose -4*k = -4*r + 1040, -k = -5*r + 1207 + 113. What is the remainder when r is divided by 67?
64
Suppose -3*b + 50 = 5*t + b, 2*t + 4*b = 8. Let v = 21 + -86. Let l = -11 - v. Calculate the remainder when l is divided by t.
12
Suppose d + 108 = 2*d + 5*x, 0 = 3*x - 3. Calculate the remainder when d is divided by 53.
50
Suppose 0*f + 4*f - 156 = 0. Suppose 0 = -3*n + f + 51. Calculate the remainder when n is divided by 11.
8
Suppose 0*q + 8 = 4*q. What is the remainder when 25 is divided by 3/q + 15/2?
7
Suppose 2*p + 3*u = 6*u, 0 = -3*u. Suppose p = -3*t - 108 + 483. Suppose -3*c + t = 2*c. Calculate the remainder when c is divided by 14.
11
Let p(d) = d**2 + 4*d + 10. Let w be p(-3). Let x(y) = -27*y**2 - 1. Let u be x(1). What is the remainder when (-8)/u - (-446)/w is divided by 22?
20
Let d be (18/5)/(24/(-80)). Let q be d/(-18)*(-102)/(-4). Let u = q + 4. What is the remainder when u is divided by 6?
3
Suppose 0 = -2*m - 4*m + 564. What is the remainder when m is divided by 34?
26
Let m(b) = b**2 + 3*b + 3. Calculate the remainder when 38 is divided by m(-3).
2
Let u(i) = -i**2 + 10*i - 1. Let j be u(7). Let x = -9 + j. Suppose 0 = -2*p - 25 + 65. What is the remainder when p is divided by x?
9
Let h = -114 + 125. What is the remainder when 74 is divided by h?
8
Let o = 1 - 1. Let m = -67 + 98. Suppose u = 3*q - 2*q + m, o = 5*u + 5*q - 165. What is the remainder when u is divided by 11?
10
Let f be -3*(-29)/3 - 0. Suppose w = -0*w + f. Let y(x) = 4*x**2 - 2*x + 3. Calculate the remainder when w is divided by y(2).
14
Suppose -d + 0 + 7 = 0. Suppose 0 = q + 3*q. Let v(s) = s**3 + s**2 + 3. Calculate the remainder when d is divided by v(q).
1
What is the remainder when 17 is divided by (-34)/4*(-9 + 7/1)?
0
Let n = 6 + 29. Let o(z) be the third derivative of -z**6/120 - z**5/15 + z**4/24 - z**3/3 - 2*z**2. Calculate the remainder when n is divided by o(-5).
17
Suppose 3*t = 5*q + 95, -2*q - 125 = -3*t - 3*q. Calculate the remainder when t is divided by 7.
5
Let c(s) = -s**3 - 3*s**2 - 4*s + 9. What is the remainder when c(-4) is divided by 9?
5
Let x = 66 + -45. Let q(i) = -i**2 - 6*i + 8. What is the remainder when x is divided by q(-6)?
5
Suppose -k + 21 = -2. Let l(d) = -d + 10. Let g be l(9). Let j = 7 + g. What is the remainder when k is divided by j?
7
Suppose 7*x - 13 = 3*x - 5*d, 0 = -2*x - 2*d + 6. What is the remainder when 45 is divided by 2*13/x + 3?
13
Let s = 35 - 18. Calculate the remainder when 32 is divided by s.
15
Suppose 42 = 2*a - 3*n, 5*a + 3*n - 39 = 4*a. Calculate the remainder when (-4)/(-2 + 48/a) is divided by 45/6*8/6.
8
Calculate the remainder when 7/(105/9)*265 is divided by 27.
24
Let o = -141 - -161. Suppose -259 